{"id":1914,"date":"2014-01-22T12:57:29","date_gmt":"2014-01-22T12:57:29","guid":{"rendered":"http:\/\/meteor-institut.ch\/website\/wp-content\/uploads\/2012\/11\/21.01.2014-Splash.jpg"},"modified":"2014-01-22T12:57:29","modified_gmt":"2014-01-22T12:57:29","slug":"21-01-2014-splash","status":"inherit","type":"attachment","link":"http:\/\/meteor-institut.ch\/website\/splash\/attachment\/21-01-2014-splash\/","title":{"rendered":"21.01.2014 Splash"},"author":2,"comment_status":"open","ping_status":"open","template":"","meta":[],"description":{"rendered":"<p class=\"attachment\"><a href='http:\/\/meteor-institut.ch\/website\/wp-content\/uploads\/2012\/11\/21.01.2014-Splash.jpg'><img width=\"249\" height=\"300\" src=\"http:\/\/meteor-institut.ch\/website\/wp-content\/uploads\/2012\/11\/21.01.2014-Splash-249x300.jpg\" class=\"attachment-medium size-medium\" alt=\"\" loading=\"lazy\" srcset=\"http:\/\/meteor-institut.ch\/website\/wp-content\/uploads\/2012\/11\/21.01.2014-Splash-249x300.jpg 249w, http:\/\/meteor-institut.ch\/website\/wp-content\/uploads\/2012\/11\/21.01.2014-Splash.jpg 718w\" sizes=\"(max-width: 249px) 100vw, 249px\" \/><\/a><\/p>\n<p>Ausgangslage<br \/>\nSie sind neu in der Marketing Abteilung der Firma Innomens AG. Innomens ist ein eigenst\u00e4ndiges Unternehmen mit rund 390 Mitarbeitern. Innomens AG nimmt eine sehr wichtige Stellung im CH-Markt der Elektrokomponenten ein. <\/p>\n<p>Zum Unternehmen<br \/>\nInnomens plant f\u00fcr 2014 einen Kundentag Schweiz durchzuf\u00fchren. Rund 200 G\u00e4ste sollen am 3. Juni 2014 einen humorvollen, \u00fcberraschenden und peppigen Event erleben. Dieser Event soll in allen Belangen die Philosophie und Unternehmenskultur der Gesch\u00e4ftsfelder widerspiegeln. Durch ein \u201eandersartiges\u201c Programm wollen wir die G\u00e4ste begeistern. Ob es ein Ganz-Tages-Event oder ein Nachmittags-Event sein soll, ist bisher noch nicht verabschiedet worden.<br \/>\n  Unter den rund 200 G\u00e4sten werden vor allem Kunden, Partner und H\u00e4ndler sowie auch Innomens-Mitarbeiter eingeladen. Die Kunden gelten zum oberen und obersten Kader der Schweizer Wirtschaftsvertreter. Da die R\u00fccklaufquote von Direct-Aktionen bei Innomens sehr gut ist (ca. 25%) hat die Leitung Corporate Communication entschieden, dass ca. 1\u2018500 Kunden und Partner angeschrieben werden. \u00dcber das Aufsetzen der Logistik hat sich noch niemand so richtig Gedanken gemacht.<br \/>\n  Der Kundentag 2014 soll wie bereits erw\u00e4hnt eine gute Mischung aus Information, Show und Zeit f\u00fcr Gespr\u00e4che bieten. Die Gesch\u00e4ftsleitung hat daher ein Budget von Fr. 120&#8217;000.- frei gegeben. Dieses Kostendach beinhaltet s\u00e4mtliche Auslagen wie die Eventorganisation, interne Stunden f\u00fcr das Aufgleisen des Events sowie f\u00fcr alle Fremdkosten wie Technik, Catering, Signalisierung, Transport, etc.<\/p>\n<p>Aufgabenstellung<br \/>\nSie sind nun aufgefordert, sich ein Konzept zu erstellen. Das Eventkonzept soll folgende Punkte beinhalten:<\/p>\n<p>\u2022\tAusgangslage<br \/>\n\u2022\tAufgabenstellung<br \/>\n\u2022\tZiele, Zielgruppen<br \/>\n\u2022\tLeitende Idee, Message, roter Faden sowie Ideenskizze des Tagesablaufs<br \/>\n\u2022\tEvtl. externe Speaker, Keynotes die zur leitenden Idee Aussagen machen<br \/>\n\u2022\tCatering Angebot: Ablauf Catering, Angebot (Welcome, Pause, Lunch, etc.)<br \/>\n\u2022\tTechnik: Ausgestaltung der Technik, Idee f\u00fcr die Pr\u00e4sentationen, etc.<br \/>\n\u2022\tLogistikprozess: wie wird eingeladen, wie soll das Layout aussehen<br \/>\n\u2022\tTerminierung: Terminplan mit Angaben zu Milestones, abgeschlossene Arbeiten, Meetings<br \/>\n\u2022\tBudget: Zusammenstellung der erw\u00e4hnten Posten zu Budgetierungs-Zwecken<\/p>\n"},"caption":{"rendered":"<p>Ausgangslage Sie sind neu in der Marketing Abteilung der Firma Innomens AG. Innomens ist ein eigenst\u00e4ndiges Unternehmen mit rund 390 Mitarbeitern. Innomens AG nimmt eine sehr wichtige Stellung im CH-Markt der Elektrokomponenten ein. Zum Unternehmen Innomens plant f\u00fcr 2014 einen Kundentag Schweiz durchzuf\u00fchren. Rund 200 G\u00e4ste sollen am 3. Juni 2014 einen humorvollen, \u00fcberraschenden und [&hellip;]<\/p>\n"},"alt_text":"","media_type":"image","mime_type":"image\/jpeg","media_details":{"width":718,"height":865,"file":"2012\/11\/21.01.2014-Splash.jpg","sizes":{"thumbnail":{"file":"21.01.2014-Splash-150x150.jpg","width":150,"height":150,"mime_type":"image\/jpeg","source_url":"http:\/\/meteor-institut.ch\/website\/wp-content\/uploads\/2012\/11\/21.01.2014-Splash-150x150.jpg"},"medium":{"file":"21.01.2014-Splash-249x300.jpg","width":249,"height":300,"mime_type":"image\/jpeg","source_url":"http:\/\/meteor-institut.ch\/website\/wp-content\/uploads\/2012\/11\/21.01.2014-Splash-249x300.jpg"},"featured":{"file":"21.01.2014-Splash-718x397.jpg","width":718,"height":397,"mime_type":"image\/jpeg","source_url":"http:\/\/meteor-institut.ch\/website\/wp-content\/uploads\/2012\/11\/21.01.2014-Splash-718x397.jpg"},"single":{"file":"21.01.2014-Splash-639x312.jpg","width":639,"height":312,"mime_type":"image\/jpeg","source_url":"http:\/\/meteor-institut.ch\/website\/wp-content\/uploads\/2012\/11\/21.01.2014-Splash-639x312.jpg"},"portfolio":{"file":"21.01.2014-Splash-277x127.jpg","width":277,"height":127,"mime_type":"image\/jpeg","source_url":"http:\/\/meteor-institut.ch\/website\/wp-content\/uploads\/2012\/11\/21.01.2014-Splash-277x127.jpg"},"portfolio-2cols":{"file":"21.01.2014-Splash-422x200.jpg","width":422,"height":200,"mime_type":"image\/jpeg","source_url":"http:\/\/meteor-institut.ch\/website\/wp-content\/uploads\/2012\/11\/21.01.2014-Splash-422x200.jpg"},"portfolio-4cols":{"file":"21.01.2014-Splash-194x100.jpg","width":194,"height":100,"mime_type":"image\/jpeg","source_url":"http:\/\/meteor-institut.ch\/website\/wp-content\/uploads\/2012\/11\/21.01.2014-Splash-194x100.jpg"},"full":{"file":"21.01.2014-Splash.jpg","width":718,"height":865,"mime_type":"image\/jpeg","source_url":"http:\/\/meteor-institut.ch\/website\/wp-content\/uploads\/2012\/11\/21.01.2014-Splash.jpg"}},"image_meta":{"aperture":0,"credit":"","camera":"","caption":"","created_timestamp":0,"copyright":"","focal_length":0,"iso":0,"shutter_speed":0,"title":""}},"post":999,"source_url":"http:\/\/meteor-institut.ch\/website\/wp-content\/uploads\/2012\/11\/21.01.2014-Splash.jpg","_links":{"self":[{"href":"http:\/\/meteor-institut.ch\/website\/wp-json\/wp\/v2\/media\/1914"}],"collection":[{"href":"http:\/\/meteor-institut.ch\/website\/wp-json\/wp\/v2\/media"}],"about":[{"href":"http:\/\/meteor-institut.ch\/website\/wp-json\/wp\/v2\/types\/attachment"}],"author":[{"embeddable":true,"href":"http:\/\/meteor-institut.ch\/website\/wp-json\/wp\/v2\/users\/2"}],"replies":[{"embeddable":true,"href":"http:\/\/meteor-institut.ch\/website\/wp-json\/wp\/v2\/comments?post=1914"}]}}

<p class="attachment"><a href='http://meteor-institut.ch/website/wp-content/uploads/2012/11/21.01.2014-Splash.jpg'><img width="249" height="300" src="http://meteor-institut.ch/website/wp-content/uploads/2012/11/21.01.2014-Splash-249x300.jpg" class="attachment-medium size-medium" alt="" loading="lazy" srcset="http://meteor-institut.ch/website/wp-content/uploads/2012/11/21.01.2014-Splash-249x300.jpg 249w, http://meteor-institut.ch/website/wp-content/uploads/2012/11/21.01.2014-Splash.jpg 718w" sizes="(max-width: 249px) 100vw, 249px" /></a></p>
<p>Ausgangslage<br />
Sie sind neu in der Marketing Abteilung der Firma Innomens AG. Innomens ist ein eigenständiges Unternehmen mit rund 390 Mitarbeitern. Innomens AG nimmt eine sehr wichtige Stellung im CH-Markt der Elektrokomponenten ein. </p>
<p>Zum Unternehmen<br />
Innomens plant für 2014 einen Kundentag Schweiz durchzuführen. Rund 200 Gäste sollen am 3. Juni 2014 einen humorvollen, überraschenden und peppigen Event erleben. Dieser Event soll in allen Belangen die Philosophie und Unternehmenskultur der Geschäftsfelder widerspiegeln. Durch ein „andersartiges“ Programm wollen wir die Gäste begeistern. Ob es ein Ganz-Tages-Event oder ein Nachmittags-Event sein soll, ist bisher noch nicht verabschiedet worden.<br />
  Unter den rund 200 Gästen werden vor allem Kunden, Partner und Händler sowie auch Innomens-Mitarbeiter eingeladen. Die Kunden gelten zum oberen und obersten Kader der Schweizer Wirtschaftsvertreter. Da die Rücklaufquote von Direct-Aktionen bei Innomens sehr gut ist (ca. 25%) hat die Leitung Corporate Communication entschieden, dass ca. 1‘500 Kunden und Partner angeschrieben werden. Über das Aufsetzen der Logistik hat sich noch niemand so richtig Gedanken gemacht.<br />
  Der Kundentag 2014 soll wie bereits erwähnt eine gute Mischung aus Information, Show und Zeit für Gespräche bieten. Die Geschäftsleitung hat daher ein Budget von Fr. 120&#8217;000.- frei gegeben. Dieses Kostendach beinhaltet sämtliche Auslagen wie die Eventorganisation, interne Stunden für das Aufgleisen des Events sowie für alle Fremdkosten wie Technik, Catering, Signalisierung, Transport, etc.</p>
<p>Aufgabenstellung<br />
Sie sind nun aufgefordert, sich ein Konzept zu erstellen. Das Eventkonzept soll folgende Punkte beinhalten:</p>
<p>•	Ausgangslage<br />
•	Aufgabenstellung<br />
•	Ziele, Zielgruppen<br />
•	Leitende Idee, Message, roter Faden sowie Ideenskizze des Tagesablaufs<br />
•	Evtl. externe Speaker, Keynotes die zur leitenden Idee Aussagen machen<br />
•	Catering Angebot: Ablauf Catering, Angebot (Welcome, Pause, Lunch, etc.)<br />
•	Technik: Ausgestaltung der Technik, Idee für die Präsentationen, etc.<br />
•	Logistikprozess: wie wird eingeladen, wie soll das Layout aussehen<br />
•	Terminierung: Terminplan mit Angaben zu Milestones, abgeschlossene Arbeiten, Meetings<br />
•	Budget: Zusammenstellung der erwähnten Posten zu Budgetierungs-Zwecken</p>

<p>Ausgangslage Sie sind neu in der Marketing Abteilung der Firma Innomens AG. Innomens ist ein eigenständiges Unternehmen mit rund 390 Mitarbeitern. Innomens AG nimmt eine sehr wichtige Stellung im CH-Markt der Elektrokomponenten ein. Zum Unternehmen Innomens plant für 2014 einen Kundentag Schweiz durchzuführen. Rund 200 Gäste sollen am 3. Juni 2014 einen humorvollen, überraschenden und [&hellip;]</p>
