{"id":1235,"date":"2013-02-06T08:36:18","date_gmt":"2013-02-06T08:36:18","guid":{"rendered":"http:\/\/meteor-institut.ch\/website\/?page_id=1235"},"modified":"2019-01-06T13:39:08","modified_gmt":"2019-01-06T13:39:08","slug":"impressum","status":"publish","type":"page","link":"http:\/\/meteor-institut.ch\/website\/impressum\/","title":{"rendered":"Impressum"},"content":{"rendered":"<div>\n<p><strong>Betreiber<\/strong><br \/>\nDie Internetseiten murba.ch sowie meteor-institut.ch werden durch die Felix Murbach Marketing\u2122 mit Sitz in Schaffhausen, Schweiz betrieben.<\/p>\n<p>&nbsp;<\/p>\n<p><strong>Inhalt der Homepage<\/strong><br \/>\nDie Inhalte auf unseren Internetseiten werden von uns nach bestem Wissen zusammengestellt und publiziert. Wir behalten uns vor, die Seiteninhalte ohne vorg\u00e4ngige Ank\u00fcndigung zu \u00e4ndern oder zu l\u00f6schen. Wir machen zudem keine Zusagen \u00fcber Korrektheit, Zuverl\u00e4ssigkeit und Vollst\u00e4ndigkeit unserer Seiteninhalte.<\/p>\n<p>&nbsp;<\/p>\n<p><strong>Datenschutz<\/strong><br \/>\nDas \u00dcbermitteln von pers\u00f6nlichen Informationen erfolgt freiwillig und auf eigenes Risiko. Wir behandeln alle \u00fcbermittelten pers\u00f6nlichen Daten streng vertraulich. Ohne Erlaubnis werden keine Daten an Dritte weitergegeben.<\/p>\n<p>&nbsp;<\/p>\n<p><strong>Haftungsausschluss<\/strong><br \/>\nDurch Aktivierung bestimmter Verkn\u00fcpfungen verl\u00e4sst der Benutzer die Seiten der Felix Murbach Marketing\u2122 und gelangt auf externe Internetseiten. Wir \u00fcbernehmen f\u00fcr die Inhalte der externen Webseiten sowie auf die darauf angebotenen Produkte und Dienstleistungen keinerlei Verantwortung. Wir \u00fcbernehmen keinerlei Haftung f\u00fcr Sch\u00e4den, die einem Benutzer oder einem Dritten im Zusammenhang mit der Nutzung der auf unseren Seiten bereitgestellten Informationen entstehen.<\/p>\n<p>&nbsp;<\/p>\n<p><strong>Urheberrecht<\/strong><br \/>\nDie Inhalte auf unseren Seiten sind urheberrechtlich gesch\u00fctzt. Eine Verwendung, die \u00fcber die bestimmungsgem\u00e4sse Nutzung hinausgeht, ist ohne ausdr\u00fcckliche schriftliche Zustimmung des Rechteinhabers nicht zul\u00e4ssig.<\/p>\n<p>&nbsp;<\/p>\n<p><strong>Kontakt<\/strong><br \/>\nFelix Murbach Marketing\u2122<br \/>\nNeustadt 2, CH-8200 Schaffhausen, Schweiz<br \/>\nFon +41 52 670 18 21<br \/>\nMail <em><span style=\"text-decoration: underline;\"><span style=\"color: #800000;\"><a href=\"mailto:felix.murbach@murba.ch\"><span style=\"color: #800000; text-decoration: underline;\">felix.murbach@murba.ch<\/span><\/a><\/span><\/span><\/em><\/p>\n<\/div>\n","protected":false},"excerpt":{"rendered":"<p>Betreiber Die Internetseiten murba.ch sowie meteor-institut.ch werden durch die Felix Murbach Marketing\u2122 mit Sitz in Schaffhausen, Schweiz betrieben. &nbsp; Inhalt der Homepage Die Inhalte auf unseren Internetseiten werden von uns nach bestem Wissen zusammengestellt und publiziert. Wir behalten uns vor, die Seiteninhalte ohne vorg\u00e4ngige Ank\u00fcndigung zu \u00e4ndern oder zu l\u00f6schen. Wir machen zudem keine Zusagen [&hellip;]<\/p>\n","protected":false},"author":2,"featured_media":3821,"parent":0,"menu_order":0,"comment_status":"open","ping_status":"open","template":"page-template-full.php","meta":[],"_links":{"self":[{"href":"http:\/\/meteor-institut.ch\/website\/wp-json\/wp\/v2\/pages\/1235"}],"collection":[{"href":"http:\/\/meteor-institut.ch\/website\/wp-json\/wp\/v2\/pages"}],"about":[{"href":"http:\/\/meteor-institut.ch\/website\/wp-json\/wp\/v2\/types\/page"}],"author":[{"embeddable":true,"href":"http:\/\/meteor-institut.ch\/website\/wp-json\/wp\/v2\/users\/2"}],"replies":[{"embeddable":true,"href":"http:\/\/meteor-institut.ch\/website\/wp-json\/wp\/v2\/comments?post=1235"}],"version-history":[{"count":5,"href":"http:\/\/meteor-institut.ch\/website\/wp-json\/wp\/v2\/pages\/1235\/revisions"}],"predecessor-version":[{"id":3864,"href":"http:\/\/meteor-institut.ch\/website\/wp-json\/wp\/v2\/pages\/1235\/revisions\/3864"}],"wp:featuredmedia":[{"embeddable":true,"href":"http:\/\/meteor-institut.ch\/website\/wp-json\/wp\/v2\/media\/3821"}],"wp:attachment":[{"href":"http:\/\/meteor-institut.ch\/website\/wp-json\/wp\/v2\/media?parent=1235"}],"curies":[{"name":"wp","href":"https:\/\/api.w.org\/{rel}","templated":true}]}}