{"id":1520,"date":"2013-08-22T07:59:15","date_gmt":"2013-08-22T07:59:15","guid":{"rendered":"http:\/\/meteor-institut.ch\/website\/?page_id=1520"},"modified":"2019-09-25T11:59:49","modified_gmt":"2019-09-25T11:59:49","slug":"verkaufsleiter","status":"publish","type":"page","link":"http:\/\/meteor-institut.ch\/website\/verkaufsleiter\/","title":{"rendered":"Verkaufsleiter"},"content":{"rendered":"<h1><span style=\"color: #ff6600;\">Eidg. Diplom und Diplom meteor Marketinginstitut<\/span><\/h1>\n<p>Ab 2020 f\u00fchrt meteor, dein Marketinginstitut die Ausbildung zum eidg. dipl. Verkaufsleiter durch. Der\/die eidg. diplomierte Verkaufsleiter\/in zeichnet verantwortlich f\u00fcr verschiedene absatzorientierte Funktionen, welche von der Grosskundenbetreuung bis zur Leitung von ganzen Absatzorganisationen gehen.<\/p>\n<p>&nbsp;<\/p>\n<div>\n<h1><span style=\"color: #ff6600;\"><strong>Berufsbild<\/strong><\/span><\/h1>\n<p><a href=\"http:\/\/meteor-institut.ch\/website\/nutzen\/attachment\/klasse-2015_16-januar\/\" rel=\"attachment wp-att-3273\"><img loading=\"lazy\" class=\"alignright size-medium wp-image-3273\" alt=\"Pr\u00fcfungsvorbereitung\" src=\"http:\/\/meteor-institut.ch\/website\/wp-content\/uploads\/2012\/08\/Klasse-2015_16-Januar-300x112.jpg\" width=\"300\" height=\"112\" srcset=\"http:\/\/meteor-institut.ch\/website\/wp-content\/uploads\/2012\/08\/Klasse-2015_16-Januar-300x112.jpg 300w, http:\/\/meteor-institut.ch\/website\/wp-content\/uploads\/2012\/08\/Klasse-2015_16-Januar-1024x384.jpg 1024w, http:\/\/meteor-institut.ch\/website\/wp-content\/uploads\/2012\/08\/Klasse-2015_16-Januar.jpg 1631w\" sizes=\"(max-width: 300px) 100vw, 300px\" \/><\/a>Im Zentrum der Verkaufsleiter-Aufgaben stehen Konzipierung, Planung und F\u00fchrung der Verkaufs- und Vertriebsorganisation. Deshalb werden von diesen Profis breite Kenntnisse in Verkauf, Vertrieb und Key-Account-Management in Strategie, Konzeption und operationellem Vorgehen verlangt. Ebenso Flexibilit\u00e4t, ausgezeichnete Verhandlungsf\u00e4higkeit, menschliche Reife sowie Kontaktf\u00e4higkeit zu Menschen unterschiedlicher Mentalit\u00e4t. F\u00fcr die Umsetzung der gew\u00e4hlten Strategie steuern und koordinieren Verkaufsleiter die ausf\u00fchrenden Bereiche wie Aussendienst, Innendienst und Logistik.<\/p>\n<p>&nbsp;<\/p>\n<\/div>\n<div><\/div>\n<div>\n<h1><span style=\"color: #ff6600;\">Zielgruppe<\/span><\/h1>\n<\/div>\n<div>\n<p>Die Lehrgangsabsolventen verf\u00fcgen bereits \u00fcber eine solide Grundausbildung als Verkaufsfachleute, Marketingfachleute etc. und arbeiten seit einigen Jahren in verantwortungsvoller Stellung im Verkauf und tragen die entsprechende F\u00fchrungsverantwortung f\u00fcr Innen- und\/oder Aussendienstmitarbeiter.<\/p>\n<p>&nbsp;<\/p>\n<h1><span style=\"color: #ff6600;\">Kursinhalte<\/span><\/h1>\n<div>\n<p><span style=\"text-decoration: underline;\">Marketing<\/span><br \/>\nGrundlagen, Strategie \/ Instrumente (Marketinganalyse und -planung, Umsetzung von strategischen und operativen Entscheiden, Marketingkontrolle und \u2013audits, Marktforschung, internationales Marketing, Markenpolitik und -f\u00fchrung, Zusatzleistungen, neue Medien, e-Commerce, integrierte Kommunikation, etc..<\/p>\n<\/div>\n<div>\n<p><span style=\"text-decoration: underline;\">F\u00fchrung und Organisation \/ Verkaufsf\u00fchrung<\/span><br \/>\nF\u00fchrungsstile, -techniken und -instrumente, Motivation, Teamf\u00fchrung und Mobbing, Lohn- und Anreizsysteme, Anforderungsprofile, Stellenbeschreibungen, Rekrutierung, Schulungskonzepte, Prozessorganisation, Projektmanagement, etc.<\/p>\n<\/div>\n<div>\n<p><span style=\"text-decoration: underline;\">Unternehmensrechnung<\/span><br \/>\nFinanzielles und betriebliches Rechnungswesen, Rechnungslegungsstandards, Analyse und Interpretation von Bilanz, Gewinn- und Verlustrechnung, Geldflussrechnung, Investitionsrechnung, Kennzahlen, etc.)<\/p>\n<\/div>\n<div>\n<p><span style=\"text-decoration: underline;\">Recht und Volkswirtschaftslehre<\/span><br \/>\nObligationen, Vertr\u00e4ge, Gesellschaftsrecht, Immaterialg\u00fcterrecht, Kommunikationsrecht, Angebot und Nachfrage, Marktformen und Marktwirtschaft, Volkswirtschaftliche Gesamtrechnung, Konjunktur, Wirtschafts- und Geldpolitik, Aussenwirtschaft, internationale Wettbewerbsf\u00e4higkeit, etc.<\/p>\n<\/div>\n<div>\n<p><span style=\"text-decoration: underline;\">Verkaufsplanung, Distribution und Vertriebsmanagement<\/span><br \/>\nIntegrierte Verkaufs- und Distributionskonzepte, Exportkonzepte, Businesspl\u00e4ne, Verkaufsanalysen, Verkaufskonzept, Verkaufsplanung, Key Account Management, Kundenbindung, etc.<\/p>\n<\/div>\n<div>\n<p><span style=\"text-decoration: underline;\">Verkaufsinformation und Vertriebscontrolling<\/span><br \/>\nVerkaufs- und Distributionscontrolling, Fr\u00fchwarnsysteme, Management- und Verkaufs-Informations-Systeme, Erfolgs- und Potenzialanalysen, Zusammenarbeit mit dem Vertriebscontrolling, etc.<\/p>\n<p>&nbsp;<\/p>\n<\/div>\n<div>\n<h1><span style=\"color: #ff6600;\">Start<\/span><\/h1>\n<\/div>\n<div>\n<p>August 2020 bis zu den eidgen\u00f6ssischen Pr\u00fcfungen 2021 <a href=\"mailto:felix.murbach@murba.ch\">=&gt;<\/a> fordere bitte den detaillierten Lehrplan an.<\/p>\n<div>\n<h1><span style=\"color: #ff6600;\">Dauer<\/span><\/h1>\n<\/div>\n<p>Der Lehrgang dauert 2 Semester.<\/p>\n<\/div>\n<div>\n<h1><span style=\"color: #ff6600;\">Kosten<\/span><\/h1>\n<\/div>\n<div>\n<p>Unterrichtslektionen exklusive Lehrmittel, Unterrichtsunterlagen und Echtfallstudien von Pr\u00fcfungen. CHF 13&#8217;800.- exkl. Pr\u00fcfungsgeb\u00fchren.<\/p>\n<h1><strong><span style=\"color: #ff6600;\">Kursleitung<\/span> <\/strong><\/h1>\n<p>Felix M. Murbach, Master of Marketing UniBS<\/p>\n<h1><span style=\"color: #ff6600;\"><strong>Kurs-Ort<\/strong><\/span><\/h1>\n<p>meteor Marketinginstitut by Felix Murbach, Neustadt 56, CH-8200 Schaffhausen oder nach Vereinbarung.<\/p>\n<h1><span style=\"color: #ff6600;\"><strong>Anmeldung<\/strong><\/span><\/h1>\n<p>Frau Maya Huber nimmt deine Anmeldungen sehr gerne entgegen. Melde dich doch heute noch an, die Teilnehmerzahl ist begrenzt. Wir freuen uns auf deine <span style=\"color: #800000;\"><em><span style=\"text-decoration: underline;\"><span style=\"text-decoration: underline;\"><a href=\"http:\/\/meteor-institut.ch\/website\/kontakt\/\" target=\"_blank\"><span style=\"color: #800000; text-decoration: underline;\">Teilnahme<\/span><\/a><\/span><\/span><\/em><\/span>.<\/p>\n<p>&nbsp;<\/p>\n<h1><span style=\"color: #ff6600;\">Aufnahmebedingungen<\/span><\/h1>\n<p>Zur Pr\u00fcfung wird zugelassen wer:<br \/>\nEinen eidg. Fachausweis im Bereich der branchenspezifischen Berufspr\u00fcfungen besitzt und mindestens 3 Jahre Praxis in einer Kaderfunktion im Absatz und Verkauf nachweisen kann oder ein Diplom einer anderen H\u00f6heren Fachpr\u00fcfung, ein Diplom einer H\u00f6heren Fachschule, ein Diplom einer Hochschule besitzt und mindestens 3 Jahre Praxis in einer Kaderfunktion im Absatz und Verkauf nachweisen kann oder:<br \/>\nDas F\u00e4higkeitszeugnis einer mindestens dreij\u00e4hrigen beruflichen Grundbildung, das F\u00e4higkeitszeugnis der zweij\u00e4hrigen beruflichen Grundbildung im Verkauf, das Diplom einer vom Bundesamt anerkannten Handelsmittelschule oder ein Maturit\u00e4tszeugnis besitzt und mindestens 6 Jahre Praxis, davon 3 Jahre in einer Kaderfunktion im Absatz und Verkauf nachweisen kann.<\/p>\n<p>&nbsp;<\/p>\n<div>\n<h1><span style=\"color: #ff6600;\"><strong><strong>So macht Lernen Spass.<\/strong><\/strong><\/span><\/h1>\n<\/div>\n<\/div>\n<p>&nbsp;<\/p>\n<p>&nbsp;<\/p>\n<\/div>\n","protected":false},"excerpt":{"rendered":"<p>Eidg. Diplom und Diplom meteor Marketinginstitut Ab 2020 f\u00fchrt meteor, dein Marketinginstitut die Ausbildung zum eidg. dipl. Verkaufsleiter durch. Der\/die eidg. diplomierte Verkaufsleiter\/in zeichnet verantwortlich f\u00fcr verschiedene absatzorientierte Funktionen, welche von der Grosskundenbetreuung bis zur Leitung von ganzen Absatzorganisationen gehen. &nbsp; Berufsbild Im Zentrum der Verkaufsleiter-Aufgaben stehen Konzipierung, Planung und F\u00fchrung der Verkaufs- und Vertriebsorganisation. [&hellip;]<\/p>\n","protected":false},"author":2,"featured_media":2608,"parent":0,"menu_order":0,"comment_status":"open","ping_status":"open","template":"page-template-full.php","meta":[],"_links":{"self":[{"href":"http:\/\/meteor-institut.ch\/website\/wp-json\/wp\/v2\/pages\/1520"}],"collection":[{"href":"http:\/\/meteor-institut.ch\/website\/wp-json\/wp\/v2\/pages"}],"about":[{"href":"http:\/\/meteor-institut.ch\/website\/wp-json\/wp\/v2\/types\/page"}],"author":[{"embeddable":true,"href":"http:\/\/meteor-institut.ch\/website\/wp-json\/wp\/v2\/users\/2"}],"replies":[{"embeddable":true,"href":"http:\/\/meteor-institut.ch\/website\/wp-json\/wp\/v2\/comments?post=1520"}],"version-history":[{"count":83,"href":"http:\/\/meteor-institut.ch\/website\/wp-json\/wp\/v2\/pages\/1520\/revisions"}],"predecessor-version":[{"id":4098,"href":"http:\/\/meteor-institut.ch\/website\/wp-json\/wp\/v2\/pages\/1520\/revisions\/4098"}],"wp:featuredmedia":[{"embeddable":true,"href":"http:\/\/meteor-institut.ch\/website\/wp-json\/wp\/v2\/media\/2608"}],"wp:attachment":[{"href":"http:\/\/meteor-institut.ch\/website\/wp-json\/wp\/v2\/media?parent=1520"}],"curies":[{"name":"wp","href":"https:\/\/api.w.org\/{rel}","templated":true}]}}