{"id":3451,"date":"2016-04-07T08:20:47","date_gmt":"2016-04-07T08:20:47","guid":{"rendered":"http:\/\/meteor-institut.ch\/website\/?page_id=3451"},"modified":"2019-01-08T12:00:08","modified_gmt":"2019-01-08T12:00:08","slug":"marketingleiter","status":"publish","type":"page","link":"http:\/\/meteor-institut.ch\/website\/marketingleiter\/","title":{"rendered":"Marketingleiter"},"content":{"rendered":"<h1><span style=\"color: #ff6600;\">Eidg. Diplom und Diplom meteor Marketinginstitut<\/span><\/h1>\n<p>&nbsp;<\/p>\n<p>Ab 2017 f\u00fchrt meteor, dein Marketinginstitut die Ausbildung zum eidg. dipl. Marketingleiter durch. Das Aufgabengebiet des \/der eidg. diplomierten Marketingleiter oder Marketingleiterin beinhaltet die Entwicklung und Umsetzung komplexer Marketingstrategien. Du erstellst umfassende Marktanalysen, definierst die Positionierung sowie die Strategie und leitest die f\u00fcr Dein Unternehmen relevanten Markt-Entscheidungen ab.<\/p>\n<p>&nbsp;<\/p>\n<div>\n<h1><span style=\"color: #ff6600;\"><strong>Berufsbild<\/strong><\/span><\/h1>\n<p>Du hast die Verantwortung \u00fcber Marketingpl\u00e4ne und -budgets und f\u00fchrst die Marketingabteilung. Fundierte Methodenkenntnisse in der Analyse und Ausarbeitung von Strategien und in der F\u00fchrung von Mitarbeitenden zeichnen Dich als Macher aus.<\/p>\n<p>&nbsp;<\/p>\n<\/div>\n<div>\n<h1><span style=\"color: #ff6600;\">Zielgruppe<\/span><\/h1>\n<\/div>\n<p>Du kannst ca. 5 Jahre Praxis <a href=\"http:\/\/meteor-institut.ch\/website\/kunden-gewinnen\/attachment\/starter-bag\/\" rel=\"attachment wp-att-1776\"><img loading=\"lazy\" class=\"alignright size-medium wp-image-1776\" alt=\"Feedback\" src=\"http:\/\/meteor-institut.ch\/website\/wp-content\/uploads\/2013\/12\/Starter-bag-300x140.jpg\" width=\"300\" height=\"140\" srcset=\"http:\/\/meteor-institut.ch\/website\/wp-content\/uploads\/2013\/12\/Starter-bag-300x140.jpg 300w, http:\/\/meteor-institut.ch\/website\/wp-content\/uploads\/2013\/12\/Starter-bag.jpg 954w\" sizes=\"(max-width: 300px) 100vw, 300px\" \/><\/a>im Marketing oder in einem der wichtigsten\u00a0Marketingbereiche wie Verkauf, Dialog, Produktmanagement etc. aufweisen und hast seit mindestens 3 Jahren F\u00fchrungsverantwortung. Du verf\u00fcgst \u00fcber eine solide Grundausbildung, beispielsweise als\u00a0diplomierter Verkaufsleiter oder Kommunikationsleiter, als Absolvent einer\u00a0Hochschule, FH oder HF oder verf\u00fcgst \u00fcber zus\u00e4tzliche, nachgewiesene Erfahrung von mehreren Jahren in der Marketingpraxis (nach einer mind. 3-j\u00e4hrigen Lehre) =&gt; <em><span style=\"text-decoration: underline;\"><span style=\"color: #800000;\"><a href=\"http:\/\/meteor-institut.ch\/website\/wp-content\/uploads\/2016\/04\/Zulassung-Marketingleiter.pdf\" target=\"_blank\"><span style=\"color: #800000; text-decoration: underline;\">Zulassungen Marketingleiter<\/span><\/a><\/span><\/span><\/em>.<\/p>\n<div>\n<p>&nbsp;<\/p>\n<h1><span style=\"color: #ff6600;\">Kursinhalte Basiskurs<\/span><\/h1>\n<div>\n<p>+ Marketing<br \/>\n+ F\u00fchrung und Organisation<br \/>\n+ Unternehmensrechnung<br \/>\n+ Recht und Volkswirtschaftslehre<\/p>\n<\/div>\n<\/div>\n<div>\n<h1><span style=\"color: #ff6600;\">Kursinhalte ML-Vertiefung<\/span><\/h1>\n<p>+ Strategisches Management<br \/>\n+ Strategisches Marketing<br \/>\n+ Operatives Marketing<br \/>\n+ Marktforschung und Informationsmanagement<\/p>\n<p>&nbsp;<\/p>\n<\/div>\n<div>\n<h1><span style=\"color: #ff6600;\">Package-Kurs Marketing- und Verkaufsleiter<\/span><\/h1>\n<\/div>\n<div>Marketingleiter und Verkaufsleiter besuchen in unserem Kleinklassen-Modell den Basiskurs. Beide Ausbildungswege werden gemeinsam in den diesen F\u00e4chern an der eidg. Pr\u00fcfung gepr\u00fcft. Sie besuchen den Basiskurs (Marketing- und Verkaufsleiter) gemeinsam mit den Teilnehmenden des Verkaufsleiter-Lehrgangs. Danach teilt sich die Klasse auf und Sie besuchen die Vertiefungsf\u00e4cher f\u00fcr Marketingleiter.<\/div>\n<div><\/div>\n<div><\/div>\n<div><\/div>\n<div><\/div>\n<div>\n<div>\n<h1><span style=\"color: #ff6600;\">Start<\/span><\/h1>\n<\/div>\n<div>\n<p>Auf Anfrage. Fordere bitte den detaillierten <em><span style=\"text-decoration: underline;\"><span style=\"color: #800000; text-decoration: underline;\"><a href=\"http:\/\/meteor-institut.ch\/website\/wp-content\/uploads\/2016\/08\/Anmeldeformular-Marketingleiter-2017-2018-meteor-Marketinginstitut.pdf\" target=\"_blank\"><span style=\"color: #800000; text-decoration: underline;\">Lehrplan<\/span><\/a><\/span><\/span><\/em> an.<\/p>\n<div>\n<h1><span style=\"color: #ff6600;\">Dauer<\/span><\/h1>\n<\/div>\n<p>Der Lehrgang dauert 2 Semester.<\/p>\n<\/div>\n<div>\n<h1><span style=\"color: #ff6600;\">Kosten<\/span><\/h1>\n<\/div>\n<p>Unterrichtslektionen exklusive Lehrmittel, Unterrichtsunterlagen und Echtfallstudien von Pr\u00fcfungen. CHF 13&#8217;800.- exkl. Pr\u00fcfungsgeb\u00fchren.<\/p>\n<h1><span style=\"color: #ff6600;\"><strong>Kursleitung <\/strong><\/span><\/h1>\n<p>Felix M. Murbach, Master of Marketing UniBS<\/p>\n<h1><span style=\"color: #ff6600;\"><strong>Kurs-Ort<\/strong><\/span><\/h1>\n<p>meteor Marketinginstitut by Felix Murbach, Neustadt 56, CH-8200 Schaffhausen oder nach Vereinbarung.<\/p>\n<h1><span style=\"color: #ff6600;\"><strong>Anmeldung<\/strong><\/span><\/h1>\n<p>Frau Maya Huber nimmt deine Anmeldungen sehr gerne entgegen. Melde dich doch heute noch an, die Teilnehmerzahl ist begrenzt. Wir freuen uns auf deine <span style=\"text-decoration: underline;\"><span style=\"color: #800000; text-decoration: underline;\"><em><a href=\"http:\/\/meteor-institut.ch\/website\/kontakt\/\" target=\"_blank\"><span style=\"color: #800000; text-decoration: underline;\">Teilnahme<\/span><\/a><\/em><\/span><\/span>.<\/p>\n<p>&nbsp;<\/p>\n<h1><span style=\"color: #ff6600;\"><strong><strong>So macht Lernen Spass.<\/strong><\/strong><\/span><\/h1>\n<p>&nbsp;<\/p>\n<\/div>\n","protected":false},"excerpt":{"rendered":"<p>Eidg. Diplom und Diplom meteor Marketinginstitut &nbsp; Ab 2017 f\u00fchrt meteor, dein Marketinginstitut die Ausbildung zum eidg. dipl. Marketingleiter durch. Das Aufgabengebiet des \/der eidg. diplomierten Marketingleiter oder Marketingleiterin beinhaltet die Entwicklung und Umsetzung komplexer Marketingstrategien. Du erstellst umfassende Marktanalysen, definierst die Positionierung sowie die Strategie und leitest die f\u00fcr Dein Unternehmen relevanten Markt-Entscheidungen ab. [&hellip;]<\/p>\n","protected":false},"author":2,"featured_media":2855,"parent":0,"menu_order":0,"comment_status":"open","ping_status":"open","template":"page-template-full.php","meta":[],"_links":{"self":[{"href":"http:\/\/meteor-institut.ch\/website\/wp-json\/wp\/v2\/pages\/3451"}],"collection":[{"href":"http:\/\/meteor-institut.ch\/website\/wp-json\/wp\/v2\/pages"}],"about":[{"href":"http:\/\/meteor-institut.ch\/website\/wp-json\/wp\/v2\/types\/page"}],"author":[{"embeddable":true,"href":"http:\/\/meteor-institut.ch\/website\/wp-json\/wp\/v2\/users\/2"}],"replies":[{"embeddable":true,"href":"http:\/\/meteor-institut.ch\/website\/wp-json\/wp\/v2\/comments?post=3451"}],"version-history":[{"count":33,"href":"http:\/\/meteor-institut.ch\/website\/wp-json\/wp\/v2\/pages\/3451\/revisions"}],"predecessor-version":[{"id":3476,"href":"http:\/\/meteor-institut.ch\/website\/wp-json\/wp\/v2\/pages\/3451\/revisions\/3476"}],"wp:featuredmedia":[{"embeddable":true,"href":"http:\/\/meteor-institut.ch\/website\/wp-json\/wp\/v2\/media\/2855"}],"wp:attachment":[{"href":"http:\/\/meteor-institut.ch\/website\/wp-json\/wp\/v2\/media?parent=3451"}],"curies":[{"name":"wp","href":"https:\/\/api.w.org\/{rel}","templated":true}]}}