{"id":3969,"date":"2019-01-18T13:42:47","date_gmt":"2019-01-18T13:42:47","guid":{"rendered":"http:\/\/meteor-institut.ch\/website\/?page_id=3969"},"modified":"2019-02-18T09:37:44","modified_gmt":"2019-02-18T09:37:44","slug":"coachfelix","status":"publish","type":"page","link":"http:\/\/meteor-institut.ch\/website\/coachfelix\/","title":{"rendered":"Coach Felix"},"content":{"rendered":"<h1><span style=\"color: #ff6600;\">CoachFelix &#8211; Tipps f\u00fcr Weiterbildung, Beruf und Karriere<br \/>\n<\/span><\/h1>\n<h4>Hast du Fragen zum Marketing und ben\u00f6tigst eine aussenstehende Meinung? Stehst du kurz vor einer Pr\u00fcfung? Hast du noch kein Thema f\u00fcr deine Diplomarbeit? Oder m\u00f6chtest du dich selbst\u00e4ndig machen und bist nicht sicher mit der Business-Idee?<a href=\"mailto:felix.murbach@murba.ch\" rel=\"attachment wp-att-4010\"><img loading=\"lazy\" class=\"alignright  wp-image-4010\" alt=\"CoachFelix\" src=\"http:\/\/meteor-institut.ch\/website\/wp-content\/uploads\/2019\/01\/CoachFelix_Hintergrund.jpg\" width=\"109\" height=\"109\" srcset=\"http:\/\/meteor-institut.ch\/website\/wp-content\/uploads\/2019\/01\/CoachFelix_Hintergrund.jpg 181w, http:\/\/meteor-institut.ch\/website\/wp-content\/uploads\/2019\/01\/CoachFelix_Hintergrund-150x150.jpg 150w\" sizes=\"(max-width: 109px) 100vw, 109px\" \/><\/a><\/h4>\n<p>Ob du ein Unternehmen gr\u00fcnden oder deine Karriereziele mit einem Experten anschauen m\u00f6chtest &#8211;\u00a0 <span style=\"color: #ff6600;\"><strong>CoachFelix<\/strong> <\/span>erm\u00f6glicht dir, unverbindlich mit dem Marketing Experten in Kontakt zu treten. Als erfahrener Dozent, Coach, Autor sowie Consultant mit der gewissen Seniorit\u00e4t stehe ich dir mit pers\u00f6nlichem Rat zur Seite.<\/p>\n<p>&nbsp;<\/p>\n<h1><strong><span style=\"color: #ff6600;\">Wo bietet CoachFelix Unterst\u00fctzung?<\/span><br \/>\n<\/strong><\/h1>\n<p>+ Zweitmeinung zu deiner Business-Idee<br \/>\n+ neutraler und fachlicher Expertenrat bei deiner Karriereplanung<br \/>\n+ Themen zu einer Diplomarbeit<br \/>\n+ Inputs bei Marketingpr\u00fcfungen auf Fachausweis-, Diplom- oder NDS-Stufe<br \/>\n+ Lernm\u00f6glichkeiten f\u00fcr Gruppenarbeiten<br \/>\n+ Erfolgreiches L\u00f6sen von Fallstudien, hier geht&#8217;s zum <em><span style=\"text-decoration: underline;\"><span style=\"color: #800000; text-decoration: underline;\"><a title=\"Erfolgreiches L\u00f6sen von Fallstudien\" href=\"https:\/\/www.youtube.com\/watch?v=ezZZ7Wal8wo\" target=\"_blank\"><span style=\"color: #800000; text-decoration: underline;\">Gratistipp<\/span><\/a><\/span><\/span><\/em>.<br \/>\n+ Karrieretipps f\u00fcr mehr Erfolg im Beruf<br \/>\n+ Objektive Empfehlung des richtigen Instituts f\u00fcr deine Laufbahn<br \/>\n+ Tipps zur eigenen Work Life Balance<br \/>\n+ Job, Karriere, Druck und Ern\u00e4hrung<\/p>\n<p>&nbsp;<\/p>\n<h1><strong><span style=\"color: #ff6600;\">Wie gehst du vor?<\/span><br \/>\n<\/strong><\/h1>\n<p>Du hast eine Frage und ben\u00f6tigst Support dazu? Sende uns ein SMS\/WhatsApp an +41 79 419 92 06 oder eine Email an felix.murbach@murba.ch und wir beantworten dein Anliegen zeitnah. Der erste Rat ist kostenlos. Bei weiteren Tipps, Empfehlungen oder Coaching-Fragen vereinbaren wir mit dir ein angepasstes Aufwands-Honorar.<\/p>\n<p>&nbsp;<\/p>\n<h1><a href=\"http:\/\/www.murba.ch\/buch\/\" rel=\"attachment wp-att-4004\"><img loading=\"lazy\" class=\"alignright  wp-image-4004\" title=\"Mittelmass ist nicht mein Ding.\" alt=\"\" src=\"http:\/\/meteor-institut.ch\/website\/wp-content\/uploads\/2019\/01\/Buch-Cover-hohe-Aufl\u00f6sung-197x300.jpg\" width=\"113\" height=\"173\" \/><\/a><strong><span style=\"color: #ff6600;\">Nutzen von Coach<strong>Felix<\/strong><\/span><br \/>\n<\/strong><\/h1>\n<p>+ kurzfristiger und fundierter Expertenrat<br \/>\n+ Top Qualifikation mit langj\u00e4hriger Erfahrung als Autor, Dozent, Speaker und Consultant<br \/>\n+ Entscheidungshilfe in Weiterbildung, Beruf und Karriere<br \/>\n+ absolute Diskretion<br \/>\n+ kostenloser, erster Rat oder erste Empfehlung.<\/p>\n<p>&nbsp;<\/p>\n<h4><span style=\"color: #ff6600;\">CoachFelix<\/span> ist eine Dienstleistung der Felix Murbach Marketing\u2122 und meteor Marketinginstitut. Wir bringen Menschen zusammen, denn aus eigener Erfahrung wissen wir: Eine seri\u00f6se Zweitmeinung oder ein Rat einer aussenstehenden Person f\u00fchrt oft zur klaren Entscheidungshilfe, schafft Sicherheit und gibt Vertrauen in Weiterbildung, Beruf und Karriere. Ihr Felix M. Murbach<\/h4>\n<p>&nbsp;<\/p>\n<p>&nbsp;<\/p>\n<p>&nbsp;<\/p>\n<p>&nbsp;<\/p>\n<h1><span style=\"color: #ff6600;\"><strong><strong>So macht Lernen Spass.<\/strong><\/strong><\/span><\/h1>\n<p><span style=\"color: #ff6600;\">\u00a0<\/span><\/p>\n<p>&nbsp;<\/p>\n<p>&nbsp;<\/p>\n<p>&nbsp;<\/p>\n","protected":false},"excerpt":{"rendered":"<p>CoachFelix &#8211; Tipps f\u00fcr Weiterbildung, Beruf und Karriere Hast du Fragen zum Marketing und ben\u00f6tigst eine aussenstehende Meinung? Stehst du kurz vor einer Pr\u00fcfung? Hast du noch kein Thema f\u00fcr deine Diplomarbeit? Oder m\u00f6chtest du dich selbst\u00e4ndig machen und bist nicht sicher mit der Business-Idee? Ob du ein Unternehmen gr\u00fcnden oder deine Karriereziele mit einem [&hellip;]<\/p>\n","protected":false},"author":2,"featured_media":3973,"parent":0,"menu_order":0,"comment_status":"open","ping_status":"open","template":"page-template-full.php","meta":[],"_links":{"self":[{"href":"http:\/\/meteor-institut.ch\/website\/wp-json\/wp\/v2\/pages\/3969"}],"collection":[{"href":"http:\/\/meteor-institut.ch\/website\/wp-json\/wp\/v2\/pages"}],"about":[{"href":"http:\/\/meteor-institut.ch\/website\/wp-json\/wp\/v2\/types\/page"}],"author":[{"embeddable":true,"href":"http:\/\/meteor-institut.ch\/website\/wp-json\/wp\/v2\/users\/2"}],"replies":[{"embeddable":true,"href":"http:\/\/meteor-institut.ch\/website\/wp-json\/wp\/v2\/comments?post=3969"}],"version-history":[{"count":44,"href":"http:\/\/meteor-institut.ch\/website\/wp-json\/wp\/v2\/pages\/3969\/revisions"}],"predecessor-version":[{"id":4002,"href":"http:\/\/meteor-institut.ch\/website\/wp-json\/wp\/v2\/pages\/3969\/revisions\/4002"}],"wp:featuredmedia":[{"embeddable":true,"href":"http:\/\/meteor-institut.ch\/website\/wp-json\/wp\/v2\/media\/3973"}],"wp:attachment":[{"href":"http:\/\/meteor-institut.ch\/website\/wp-json\/wp\/v2\/media?parent=3969"}],"curies":[{"name":"wp","href":"https:\/\/api.w.org\/{rel}","templated":true}]}}