{"id":561,"date":"2012-08-28T09:11:07","date_gmt":"2012-08-28T09:11:07","guid":{"rendered":"http:\/\/meteor-institut.ch\/website\/?page_id=561"},"modified":"2012-08-28T10:48:22","modified_gmt":"2012-08-28T10:48:22","slug":"das-dozententeam","status":"publish","type":"page","link":"http:\/\/meteor-institut.ch\/website\/das-dozententeam\/","title":{"rendered":"Dozententeam"},"content":{"rendered":"<p>Unsere jahrelange Erfahrung in der Erwachsenenbildung sind Garanten f\u00fcr die Wahrung von Kontinuit\u00e4t, Qualit\u00e4t sowie Akzeptanz in der Wirtschaft. Als Partner f\u00fcr Aus- und Weiterbildung sorgen wir f\u00fcr die pers\u00f6nliche Betreuung der Studierenden, eine hohe Professionalit\u00e4t sowie Ehrlichkeit und Glaubw\u00fcrdigkeit im Auftritt und Handeln.<\/p>\n","protected":false},"excerpt":{"rendered":"<p>Unsere jahrelange Erfahrung in der Erwachsenenbildung sind Garanten f\u00fcr die Wahrung von Kontinuit\u00e4t, Qualit\u00e4t sowie Akzeptanz in der Wirtschaft. Als Partner f\u00fcr Aus- und Weiterbildung sorgen wir f\u00fcr die pers\u00f6nliche Betreuung der Studierenden, eine hohe Professionalit\u00e4t sowie Ehrlichkeit und Glaubw\u00fcrdigkeit im Auftritt und Handeln.<\/p>\n","protected":false},"author":2,"featured_media":0,"parent":0,"menu_order":0,"comment_status":"open","ping_status":"open","template":"","meta":[],"_links":{"self":[{"href":"http:\/\/meteor-institut.ch\/website\/wp-json\/wp\/v2\/pages\/561"}],"collection":[{"href":"http:\/\/meteor-institut.ch\/website\/wp-json\/wp\/v2\/pages"}],"about":[{"href":"http:\/\/meteor-institut.ch\/website\/wp-json\/wp\/v2\/types\/page"}],"author":[{"embeddable":true,"href":"http:\/\/meteor-institut.ch\/website\/wp-json\/wp\/v2\/users\/2"}],"replies":[{"embeddable":true,"href":"http:\/\/meteor-institut.ch\/website\/wp-json\/wp\/v2\/comments?post=561"}],"version-history":[{"count":4,"href":"http:\/\/meteor-institut.ch\/website\/wp-json\/wp\/v2\/pages\/561\/revisions"}],"predecessor-version":[{"id":599,"href":"http:\/\/meteor-institut.ch\/website\/wp-json\/wp\/v2\/pages\/561\/revisions\/599"}],"wp:attachment":[{"href":"http:\/\/meteor-institut.ch\/website\/wp-json\/wp\/v2\/media?parent=561"}],"curies":[{"name":"wp","href":"https:\/\/api.w.org\/{rel}","templated":true}]}}